 4561 composite?
False
Is 4701 prime?
False
Is 40855 a composite number?
True
Is 8923 composite?
False
Is 11399 prime?
True
Is 131519 a prime number?
True
Is 1559 composite?
False
Is 511891 a composite number?
False
Is 52951 a prime number?
True
Is 689 a prime number?
False
Is 10529 composite?
False
Is 10029 composite?
True
Is 93563 a prime number?
True
Is 53617 prime?
True
Is 239257 composite?
True
Is 30757 prime?
True
Is 7795 prime?
False
Is 404017 prime?
True
Is 1972483 a prime number?
True
Is 996533 a composite number?
True
Is 378581 a prime number?
False
Is 45943 prime?
True
Is 40499 a prime number?
True
Is 7933 composite?
False
Is 156941 composite?
False
Is 2894 a prime number?
False
Is 2033 a prime number?
False
Is 22583 a composite number?
True
Is 519 composite?
True
Is 5501 prime?
True
Is 6598 composite?
True
Is 376283 a prime number?
True
Is 147179 prime?
True
Is 5195 a prime number?
False
Is 540509 composite?
False
Is 190823 composite?
False
Is 14387 a prime number?
True
Is 45659 prime?
True
Is 7033 a composite number?
True
Is 641347 a prime number?
False
Is 9903 composite?
True
Is 27087 a prime number?
False
Is 23017 a composite number?
False
Is 9389 prime?
False
Is 3109 composite?
False
Is 273913 composite?
False
Is 6807 prime?
False
Is 90227 a prime number?
True
Is 1299437 composite?
False
Is 42631 a prime number?
False
Is 257102 a prime number?
False
Is 36419 prime?
False
Is 400703 a composite number?
False
Is 584479 a prime number?
False
Is 7717 a prime number?
True
Is 95 prime?
False
Is 82343 composite?
True
Is 428471 prime?
True
Is 22613 a prime number?
True
Is 7787 prime?
False
Is 1541 a composite number?
True
Is 22807 prime?
True
Is 35771 a prime number?
True
Is 2111491 composite?
False
Is 24841 composite?
False
Is 2482747 composite?
False
Is 607387 a composite number?
True
Is 760163 a composite number?
False
Is 49493 composite?
True
Is 264467 composite?
True
Is 9097 a prime number?
False
Is 4091 a prime number?
True
Is 368611 a composite number?
True
Is 358595 a prime number?
False
Is 358373 prime?
True
Is 88547 composite?
False
Is 346285 a composite number?
True
Is 464021 prime?
True
Is 225679 composite?
True
Is 240693 a prime number?
False
Is 762505 a composite number?
True
Is 533149 composite?
False
Is 450935 a prime number?
False
Is 226609 a composite number?
False
Is 8641 a prime number?
True
Is 143419 a composite number?
False
Is 20419 a prime number?
False
Is 66635 composite?
True
Is 677983 composite?
False
Is 409413 prime?
False
Is 2045767 a composite number?
True
Is 125211 a composite number?
True
Is 626033 prime?
True
Is 1511 a prime number?
True
Is 41879 prime?
True
Is 9133 a prime number?
True
Is 134411 prime?
False
Is 179519 a composite number?
False
Is 1010263 composite?
False
Is 673 a prime number?
True
Is 9611 a composite number?
True
Is 13649 a prime number?
True
Is 15187 composite?
False
Is 59197 prime?
True
Is 745 prime?
False
Is 109657 composite?
True
Is 4583 prime?
True
Is 55307 composite?
True
Is 54193 composite?
False
Is 19 a composite number?
False
Is 8149 a composite number?
True
Is 604907 prime?
True
Is 18493 composite?
False
Is 223823 a composite number?
False
Is 72749 a composite number?
True
Is 10357 a composite number?
False
Is 9767 prime?
True
Is 479 composite?
False
Is 20065 composite?
True
Is 426291 prime?
False
Is 34211 a prime number?
True
Is 2291 a composite number?
True
Is 1052185 a composite number?
True
Is 469 a composite number?
True
Is 63331 a composite number?
False
Is 838837 composite?
False
Is 259949 a prime number?
True
Is 17551 prime?
True
Is 43391 a prime number?
True
Is 36109 a composite number?
False
Is 168649 a composite number?
True
Is 441607 composite?
False
Is 62278 composite?
True
Is 48589 composite?
False
Is 14567 prime?
False
Is 2659781 a composite number?
True
Is 44351 composite?
False
Is 840211 prime?
False
Is 5779 a composite number?
False
Is 982219 prime?
False
Is 53111 a prime number?
False
Is 924419 composite?
False
Is 37033 composite?
True
Is 953 prime?
True
Is 11513 a composite number?
True
Is 92203 a prime number?
True
Is 5981 a prime number?
True
Is 36433 prime?
True
Is 148907 a prime number?
False
Is 43861 composite?
True
Is 604007 composite?
False
Is 31463 composite?
True
Is 4957 prime?
True
Is 1901 prime?
True
Is 606097 a prime number?
False
Is 65629 a composite number?
False
Is 126167 composite?
True
Is 18703 a prime number?
False
Is 325667 composite?
False
Is 277507 a prime number?
False
Is 3089 a prime number?
True
Is 107837 a composite number?
False
Is 156419 composite?
False
Is 60205 composite?
True
Is 4049 a prime number?
True
Is 669 a prime number?
False
Is 24169 a prime number?
True
Is 68773 composite?
True
Is 21619 composite?
True
Is 770111 composite?
False
Is 8147 a prime number?
True
Is 24029 a composite number?
False
Is 66491 a composite number?
False
Is 44542 composite?
True
Is 863 a prime number?
True
Is 12653 composite?
False
Is 60031 a composite number?
True
Is 53113 a prime number?
True
Is 631 a prime number?
True
Is 361637 a composite number?
False
Is 53147 prime?
True
Is 5471 a composite number?
False
Is 851 a prime number?
False
Is 4391 a composite number?
False
Is 138063 a prime number?
False
Is 36833 composite?
False
Is 10869 a prime number?
False
Is 82421 composite?
False
Is 255239 a prime number?
True
Is 10247 a composite number?
False
Is 29663 prime?
True
Is 6349 composite?
True
Is 239689 prime?
True
Is 983 composite?
False
Is 631 composite?
False
Is 7613 composite?
True
Is 1803293 a prime number?
True
Is 67957 prime?
True
Is 167663 prime?
True
Is 27823 prime?
True
Is 626387 a prime number?
False
Is 856131 prime?
False
Is 443 a composite number?
False
Is 42649 a composite number?
False
Is 2201707 prime?
True
Is 52859 a composite number?
False
Is 359933 composite?
True
Is 8962 prime?
False
Is 25562 a prime number?
False
Is 26371 a composite number?
False
Is 56627 a composite number?
True
Is 46807 a prime number?
True
Is 78194 prime?
False
Is 3607 composite?
False
Is 86599 a prime number?
True
Is 266833 a composite number?
True
Is 251371 prime?
False
Is 4481 a composite number?
False
Is 477461 a composite number?
False
Is 3979663 a composite number?
False
Is 192373 prime?
True
Is 7223 a prime number?
False
Is 13654 a prime number?
False
Is 3687 a composite number?
True
Is 449 composite?
False
Is 21955 a composite number?
True
Is 2017 a prime number?
True
Is 942029 a prime number?
False
Is 122983 prime?
False
Is 105751 prime?
True
Is 6497 composite?
True
Is 4393 composite?
True
Is 276787 prime?
False
Is 3802 composite?
True
Is 6733 a prime number?
True
Is 83443 a composite number?
False
Is 1107157 a prime number?
True
Is 31307 a composite number?
False
Is 1393577 composite?
False
Is 52289 a composite number?
False
Is 544097 composite?
False
Is 142589 a prime number?
True
Is 26531 a composite number?
True
Is 901999 a composite number?
True
Is 703774 composite?
True
Is 21269 a composite number?
False
Is 742333 a prime number?
True
Is 200501 prime?
False
Is 488681 a composite number?
True
Is 417691 a composite number?
False
Is 460937 a prime number?
True
Is 11597 a prime number?
True
Is 47219 a prime number?
False
Is 78409 prime?
False
Is 52795 prime?
False
Is 365362 a prime number?
False
Is 100885 a prime number?
False
Is 14137 a composite number?
True
Is 81794 prime?
False
Is 5433907 a composite number?
False
Is 28705 a composite number?
True
Is 35 prime?
False
Is 11821 a composite number?
False
Is 49783 a composite number?
False
Is 73121 a prime number?
True
Is 79683 prime?
False
Is 1087 prime?
True
Is 62081 composite?
False
Is 9233 a composite number?
True
Is 2315039 a composite number?
False
Is 1153767 prime?
False
Is 476299 prime?
True
Is 19919 a composite number?
False
Is 90731 composite?
False
Is 1411 prime?
False
Is 3254 composite?
True
Is 83417 composite?
False
Is 84715 prime?
False
Is 5305 composite?
True
Is 19853 prime?
True
Is 4593 a prime number?
False
Is 48301 composite?
True
Is 3457 a prime number?
True
Is 907 composite?
False
Is 561773 prime?
False
Is 191413 prime?
True
Is 351827 prime?
False
Is 10847 composite?
False
Is 28781 prime?
False
Is 1332731 a composite number?
True
Is 179303 composite?
True
Is 39205 a pri